- 39)) + -17 + 13.
44
What is the value of -70 + 4 + -7 + 138 + (12 - -1)?
78
What is -33 + (57 - (32 + 51))?
-59
What is -52 - 54 - -107 - -75?
76
Evaluate (4 - (-13 + 54 + -26) - (1 - 19)) + -66.
-59
(-3 - (9 - (3 - -11))) + -18
-16
(9 - 16) + 1 + 2 + 42 + 2 - 9
31
What is the value of 85 + 1 + 1 + (686 - 668)?
105
-96 - (-2 + -10 + 57 + -10 + -57)
-74
Evaluate (-50 - (12 + -17) - -118) + (-1 - -15).
87
63 - 42 - 187 - (-1 - -2 - 21)
-146
What is 6 - 55 - (-141 - -78)?
14
What is the value of 4 + 85 - (-236 - -285)?
40
Evaluate (1 - 0 - -59) + (-1412 - -1411) - 1.
58
What is the value of -9 - ((21 - (-8 + 17)) + (5 - (6 + 3)))?
-17
(-1 - -4) + 12 + -10 + -7 - (-51 - -5)
44
8 + (-24 - (-22 - 12)) - 68
-50
What is -19 - ((13 - (-4 + 20)) + 80 + 5)?
-101
What is the value of -1 + 4 + (-107 - -55) + (2 - 1) + -7?
-55
Evaluate 11 + -29 + 21 + -22 + 11 + -2 + -8.
-18
Calculate -22 + 24 + (104 - 97).
9
What is -58 - -66 - (-3 + (-3 - 1) + -9 + 3)?
21
Evaluate (123 - 123) + -11 + (0 - -45).
34
What is (273 - 193) + -1 + 5 + 15?
99
-1 + 0 + -7 - (9 - (110 + -36))
57
What is -2 + 21 - (3 - 34 - -32 - 64)?
82
Evaluate 24 - (987 + -966 - (0 - -33)).
36
What is (-139 - -73) + -4 + 46?
-24
What is 218 + -90 + 2 + 21?
151
What is the value of 43 - (41 + 22 + 14 + 97)?
-131
What is the value of 12 + 3 + (-4 - (-23 - -16 - -26))?
-8
What is (43 - (0 + -35 + -8)) + -43?
43
46 + (-88 - (-47 - -4))
1
Evaluate 45 + 39 + -66 + -13.
5
Evaluate -113 - (-136 + -16 - -87).
-48
Evaluate -1 - (-2 + -48 - -8).
41
Calculate (-7 - -12) + -7 + -9 + 61 - 0.
50
-38 + 13 + (12 + -8 - (9 + -4))
-26
(14 - 23) + 20 + -71
-60
Calculate -8 + -1 - (55 + -1 + 14 - 6).
-71
What is the value of 44 - (-21 + (91 - 34))?
8
-497 - -530 - (-1 - -25) - 17
-8
What is the value of (-213 - (-305 + 127)) + (3 + 0 + 1 - 0)?
-31
Calculate 5 - (-48 - (10 - 60) - (1 + 64)).
68
What is 203 + -125 + -88 - (4 - -16)?
-30
What is the value of 46 + -96 - (-125 + 30)?
45
Evaluate 33 - (152 - (159 + -131)).
-91
Evaluate -176 + 168 - (7 - (-4 - -43)).
24
What is 14 - (-111 - (-4 + 20 + -17)) - 9?
115
Calculate 12 - ((54 - 25) + 17) - 5.
-39
Calculate 1 - (187 + -123 + (0 - 17) + 12).
-58
What is -86 + 175 + -91 - (1 + 2 + -3 + 1)?
-3
What is the value of (-15 + 21 - 18) + -11 + (16 - 8)?
-15
Calculate -19 + -4 - ((-42 - 4) + -39).
62
Calculate 1 + -26 + -3 - (7 - 26 - (-25 + 16)).
-18
Evaluate -73 + (88 - (11 + 42)).
-38
(25 - 19) + 2 + 25
33
Calculate 0 + 1 + -2 - -28 - (2899 - 2897).
25
0 - (-1 + -1) - (-4 - ((72 - 127) + 30))
-19
Calculate -16 + (-8 - -9) - -4 - (-20 + 21) - -39.
27
What is 18 + 0 + -22 + -4 - 10?
-18
What is the value of 74 - (143 - 134 - -116)?
-51
Evaluate (-185 - -208) + (-4 - -6 - 64).
-39
What is the value of -24 + (-10 + (-6 - -5) + -7 - -9 - 1)?
-34
What is 192 + (-1 - 212) + 56 + 0?
35
What is the value of 2 + (10 - (12 + -12)) - 20 - -43?
35
What is the value of (112 - 167) + -2 + 19?
-38
What is the value of (24 - -15) + -19 + (-7 - -29)?
42
1 + -21 + (3 - 10 - -13) + -16
-30
What is the value of (11 - (-35 - -43)) + -48?
-45
What is the value of (119 - 2 - 28) + (-15 - -1)?
75
What is (-14 - (-37 + 26)) + -3 + (8 - 7) + 32?
27
7 - (15 - (32 - (9 + (18 - 9))))
6
81 - (11 + (-16 - -26) - 1)
61
123 + -88 + -15 + 9 + 0
29
Evaluate (-20 - -8 - 3 - -5) + (66 + 14 - 14).
56
What is the value of -161 - -47 - (3 + 34) - -10?
-141
Calculate 3 + (-26 + 78 - 28) + -2 + -2.
23
What is 3 + 28 + 3 + 15 - (1 + 16)?
32
(2 + -14 - -20) + (1 + 2 + -6 - -41)
46
(209 - 203) + -11 + -1 + 7
1
What is (47 - 18 - (43 + -35)) + (0 + 2 - -4)?
27
What is the value of (-6 + -4 + 2 - ((-15 - -46) + -46)) + -93?
-86
(-1 - 0) + (-2463 - -2465 - (0 + (1 - 9)))
9
What is the value of -3 + 0 + (8 - (-8 + 21)) - -38?
30
What is 101 - 69 - (-27 + (1 - 0))?
58
What is -7 + (16 - 39) - 28?
-58
What is -57 - (-72 + 51 + (2 - -10) + -2 + -1)?
-45
(73 - (87 + -11) - (-1 - 11)) + -16
-7
What is the value of -3 + (-3 - -4 - 3) + (138 - 135)?
-2
Calculate (0 + 2 - (4 + -6)) + (-30 - -9) + 14.
-3
Calculate 16 + 0 + 1 + -2 + -22753 + 22792.
54
What is the value of (3 - 0) + (-107 - -106) + -14 - (-4 + 8)?
-16
What is the value of (235 - 242) + (-7 - 37)?
-51
Calculate -26 - -38 - (24 + -22 - 2).
12
7 - ((24 + 1 - 19) + 18)
-17
Calculate (-8 - 6) + 7 - (9 - (-28 + -7 + 11)).
-40
What is the value of -33 - ((51 - 49) + 4 + -2)?
-37
What is (-30 - (1 - ((-15 - -5) + -4))) + (-2 - -13)?
-34
Evaluate (0 - -2 - -157) + (16483 - 16521).
121
Calculate -51 - (-2 - (39 - (-1 + 15))).
-24
What is the value of -99 + -70 + 112 - 2?
-59
What is -26 - (37 - 54) - (0 - (-46 + 4) - -1)?
-52
-18 + 34 - (-73 + 37)
52
What is -8 + 35 - -15 - 44?
-2
What is the value of 9 + 89 + -156 + 102?
44
Calculate 8 - (-37 + 31 - 26 - 49).
89
Calculate (3 + -7 + 9 + -8 - (-93 - -83)) + 27.
34
-48 + -25 + 2 + (-26 - -63)
-34
What is (9 - 6) + -1 + 76 + 6 + 12 + -6?
90
Evaluate (9 - -22) + -21 + (37 - 23).
24
What is the value of -32 + (-37 + 89 + -10 - 38)?
-28
Calculate 306 + -271 - ((6 - -7) + 6).
16
Evaluate (1 - -9) + (-4 - 1) + (29 + -12 - -81).
103
Calculate -30 + (-18 - -23) + 23 - -11.
9
Evaluate -56 + (28 - (-68 - 37)).
77
(-14 - (-28 + (116 - -2))) + -3
-107
What is the value of (982 - 997) + (0 - (1 - 15)) + 99?
98
Evaluate 18 + (8 - (14 - -18)) - (-44 - -2).
36
Calculate -10 + 5 + (48 + -26 - 9).
8
What is (34 + -10 - -29) + 2 - 29?
26
What is the value of -2 - ((1 - -2) + -8 + (-9 - -18) + 3)?
-9
Calculate 46 + -20 - (46 + -40) - (-60 - 2).
82
Evaluate (33 - 112) + 47 + 0.
-32
What is the value of -10 + (-2 - -37) - 74?
-49
Calculate 10 + -13 + 0 - ((9 - 9) + 16 + 1).
-20
What is the value of 40 + (-176 - -161 - (4 + 1))?
20
-15 + 19 + (-4 - 6) + 2 + (-34 - -34)
-4
What is -40 - (2 + -4 - (2 + 16 - 9))?
-29
Evaluate -18 + (36 - 20) + (8 + 0 - 4 - -21).
23
What is the value of (4 - 1) + (95 - 113) - -50?
35
What is -16 - ((-23 - -62) + -54 + 4)?
-5
Evaluate -16 - (-16 - 156 - 3 - (-23 - -12)).
148
15 + 15 + 4 + 77 + -8 + -19
84
71 + -54 + 22 - -5
44
83 + (2 - 0 - 0) - (-13 - -23)
75
What is the value of 3881 + -3915 + -3 + -3?
-40
(0 - -48) + 6 + (-100 - -87)
41
What is (-359 - (-195 + -177)) + -64 + -1 + -2 + 1?
-53
-89 - 0 - (4 + -24 + -27 + 35)
-77
What is 26 + -9 - (28 + -23)?
12
Calculate 7 + ((-377 - -359) + (2 - -2) - -23).
16
-1 + 0 + -18 - (83 + -6 + -24)
-72
What is -52 + 184 + -188 + -27 + -1?
-84
What is (-50 - -40) + 10 + (-10 - -11) + 0?
1
Calculate 10 + (-8 - (-8 + 18)) + 18 + -1.
9
What is 3 - 7 - (-46 - 3) - (61 - 50)?
34
What is -54 - (-84 - 22 - -92)?
-40
Evaluate (90 - 96) + (7 - (-10 + 26)).
-15
(2320 - 2290) + (-80 - 1)
-51
What is the value of 2 + 4 + -17 + 3 + (14 - (48 - 4))?
-38
Calculate -2 + 0 + (4 - -1) - (-30 + -24 - -57).
0
-7 - (45 + -2 - (-6 - (-8 - 6)))
-42
8 - (-80 + 78 - (1 + -21))
-10
77 + (-2 - 2 - -2) + (-123 - -169) + -46
75
20 + (12 + -32 - (-13 - -4))
9
Calculate 46 - ((-22 - (-11 + -17 + 14)) + 13 + -8).
49
Evaluate 5 + -49 + (75 - 35) + -20.
-24
What is the value of (52 - -32) + -26 + -1 + (0 - -1)?
58
Calculate 55 - 39 - 32 - (10 + (3 - 3)).
-26
What is (26 - (7 + 26) - -10) + -46?
-43
Calculate (-1 - 2) + 12 + 11 + -4 + 13.
29
What is the value of 9 - (5 + -3) - (52 + -26 - 28)?
9
26 - (0 - (23 + -48 - -6))
7
What is the value of 2566 + -2593 - (46 - 0)?
-73
What is the value of (-18 - 7) + (-64 - -80)?
-9
Evaluate -27 + (1 - (48 + -27 + -40)).
-7
What is the value of -68 + -15 + 74 + (-71 - (-4 - -4 - 3))?
-77
What is -91 - -28 - (4 + -11)?
-56
89 - (-898 + 988 - (43 - -1))
43
What is -10 + (-68 - (-52 + 15))?
-41
Evaluate (-24 + -107 - -95) + 34.
-2
What is the value of 4 - ((-93 - (45 - 17)) + 0 + -5 + -4)?
134
Calculate -3 - (-31 - 4) - (37 + (-5 - 17)).
17
What is (90 - (90 + 113)) + 168?
55
What is -28 + 7 + -16 + 10 + 4 - -5?
-18
(13 + 14 + -21 - 12 - 2) + (22 - -1)
15
Evaluate -583 - -515 - (-159 - -7).
84
What is 17 + (43 - 33 - (8 - 5))?
24
What is 8 - (-20 - -25) - (5 + -31)?
29
-99 - (-83 + 22 + -60)
22
Evaluate -124 - (-4 + 38 + -83 - -28).
-103
-95 + -8 + -5 + 69
-39
What is the value of -598 + 626 + (-98 - 2)?
-72
What is the value of -46 - (-5 - (-12 - (20 + -8)) - 23)?
-42
What is -18 + -42 + 59 + 2 + -2 + 25?
24
What is the value of -566 + 615 - (97 + 0)?
-48
-22 - (70 - (3